{"id":97,"date":"2019-07-28T01:59:37","date_gmt":"2019-07-28T01:59:37","guid":{"rendered":"https:\/\/wp.laboratoriosvillarreal.com\/?page_id=97"},"modified":"2019-08-07T11:45:21","modified_gmt":"2019-08-07T17:45:21","slug":"6-depto-de-gestion-del-cumplimiento-de-la-ley-gral-de-control-de-tabaco","status":"publish","type":"page","link":"https:\/\/wp.laboratoriosvillarreal.com\/index.php\/6-depto-de-gestion-del-cumplimiento-de-la-ley-gral-de-control-de-tabaco\/","title":{"rendered":"Cumplimiento de LGCT (Tabaco)"},"content":{"rendered":"\n<p><strong>La\nOrganizaci\u00f3n Mundial de la Salud <\/strong>(OMS) ha catalogado el tabaquismo como una epidemia\nglobal debido al incremento en su consumo y los decesos relacionados a este.\nPromueve:&nbsp; \u201cTodos los pa\u00edses pueden\nbeneficiarse de la lucha eficaz contra esta\nepidemia, principalmente protegiendo a sus ciudadanos contra:<\/p>\n\n\n\n<ol class=\"wp-block-list\"><li>Los efectos da\u00f1inos del consumo de tabaco y <\/li><li>Reduciendo su impacto econ\u00f3mico en las econom\u00edas nacionales,  ya que representa un gasto importante para el consumidor\u201d<\/li><\/ol>\n\n\n\n<p>El peligro de contraer las enfermedades resultantes de la exposici\u00f3n al <strong>humo de tabaco<\/strong>, es el riesgo a la salud m\u00e1s prevenible. <strong>S\u00ed las tendencias actuales contin\u00faan, para el a\u00f1o 2030 el humo de tabaco afectar\u00e1 a&nbsp; m\u00e1s de ocho mi\u00adllones de personas <\/strong>por a\u00f1o en el mundo, provocando: infartos al miocardio, infartos cerebrales, enfisema pulmonar, bronquitis cr\u00f3nica, c\u00e1ncer de&nbsp; pulm\u00f3n, de&nbsp; bronquios&nbsp;\ny de tr\u00e1quea.<\/p>\n\n\n\n<div class=\"wp-block-image\"><figure class=\"aligncenter is-resized\"><img loading=\"lazy\" decoding=\"async\" src=\"https:\/\/wp.laboratoriosvillarreal.com\/wp-content\/uploads\/2019\/08\/tabaco.jpg\" alt=\"\" class=\"wp-image-429\" width=\"619\" height=\"400\" srcset=\"https:\/\/wp.laboratoriosvillarreal.com\/wp-content\/uploads\/2019\/08\/tabaco.jpg 735w, https:\/\/wp.laboratoriosvillarreal.com\/wp-content\/uploads\/2019\/08\/tabaco-300x194.jpg 300w\" sizes=\"auto, (max-width: 619px) 100vw, 619px\" \/><\/figure><\/div>\n\n\n\n<p>\u201cCon frecuencia se considera que la exposici\u00f3n al humo de tabaco es una elecci\u00f3n personal, lo cual se contrapone al hecho de que la mayor\u00eda de los <strong>no fumadores no desean <\/strong>ser expuestos cuando adquieren plena conciencia de los efectos que \u00e9ste&nbsp; provoca&nbsp; en su salud\u201d OMS.<\/p>\n\n\n\n<p>La OMS (Organizaci\u00f3n Mundial de la Salud) trabaja arduamente desde hace mas de 20 a\u00f1os contra el tabaquismo y la protecci\u00f3n a la exposici\u00f3n del humo de tabaco,  por lo que hace campa\u00f1as cada a\u00f1o sobre el tema y ofrece materiales e informaci\u00f3n.<\/p>\n\n\n\n<div class=\"wp-block-image\"><figure class=\"aligncenter is-resized\"><a href=\"https:\/\/www.who.int\/es\/campaigns\/world-no-tobacco-day\/world-no-tobacco-day-2019\" target=\"_blank\" rel=\"noreferrer noopener\"><img loading=\"lazy\" decoding=\"async\" src=\"https:\/\/wp.laboratoriosvillarreal.com\/wp-content\/uploads\/2019\/08\/oms-campa\u00f1a2019.jpg\" alt=\"\" class=\"wp-image-634\" width=\"634\" height=\"339\" srcset=\"https:\/\/wp.laboratoriosvillarreal.com\/wp-content\/uploads\/2019\/08\/oms-campa\u00f1a2019.jpg 828w, https:\/\/wp.laboratoriosvillarreal.com\/wp-content\/uploads\/2019\/08\/oms-campa\u00f1a2019-300x161.jpg 300w, https:\/\/wp.laboratoriosvillarreal.com\/wp-content\/uploads\/2019\/08\/oms-campa\u00f1a2019-768x411.jpg 768w\" sizes=\"auto, (max-width: 634px) 100vw, 634px\" \/><\/a><\/figure><\/div>\n\n\n\n<p>Por este motivo la mayor\u00eda de los Pa\u00edses cuentan con medidas para ayudar a controlar las enfermedades provocadas por el tabaquismo, y en M\u00e9xico contamos con:<\/p>\n\n\n\n<p> &#8211; <strong><a href=\"http:\/\/www.diputados.gob.mx\/LeyesBiblio\/pdf\/LGCT_150618.pdf\" target=\"_blank\" rel=\"noreferrer noopener\" aria-label=\" (opens in a new tab)\">LEY GENERAL DE CONTROL DE TABACO<\/a><\/strong>, la cual fue publicada en el Diario Oficial de la Federaci\u00f3n el 31 de mayo de 2009, normatividad que tiene el prop\u00f3sito de proteger la salud de la poblaci\u00f3n, pero su ultima reforma fue el&nbsp; <strong>06 de enero 2010<\/strong>, y tiene como objetivos:<\/p>\n\n\n\n<p><strong>Art\u00edculo\n5.<\/strong> La presente Ley tiene las\nsiguientes finalidades: <\/p>\n\n\n\n<ol class=\"wp-block-list\"><li><strong>Proteger la salud de la poblaci\u00f3n<\/strong> de los efectos nocivos del tabaco; <\/li><li><strong>Proteger los derechos de los no fumadores<\/strong> a vivir y convivir en espacios 100% libres de humo de tabaco; <\/li><li><strong>Establecer las bases para la protecci\u00f3n<\/strong> contra el humo de tabaco; <\/li><li><strong>Establecer las bases<\/strong> para la producci\u00f3n, etiquetado, empaquetado, promoci\u00f3n, publicidad, patrocinio, distribuci\u00f3n, venta, consumo y uso de los productos del tabaco; <\/li><li><strong>Instituir medidas para reducir el consumo de tabaco<\/strong>, particularmente en los menores; <\/li><li><strong>Fomentar la promoci\u00f3n<\/strong>, la educaci\u00f3n para la salud, as\u00ed como la difusi\u00f3n del conocimiento de los riesgos atribuibles al consumo y a la exposici\u00f3n al humo de tabaco.<\/li><\/ol>\n\n\n\n<p>&#8211; El <strong><a href=\"http:\/\/www.diputados.gob.mx\/LeyesBiblio\/regley\/Reg_LGCT.doc\" target=\"_blank\" rel=\"noreferrer noopener\" aria-label=\" (opens in a new tab)\">REGLAMENTO DE LA LGCT<\/a><\/strong>, su ultima reforma publicada DOF 09-10-2012 y entro en vigor el <strong>21 de noviembre 2012<\/strong>. El cual tiene como objetivo:                                                                         <strong>Art\u00edculo 51<\/strong>.- En materia de protecci\u00f3n contra la exposici\u00f3n al humo de tabaco, este Reglamento tiene las siguientes finalidades: <\/p>\n\n\n\n<p><strong>I.<\/strong>\n<strong>Proteger a la\npoblaci\u00f3n<\/strong><strong> <\/strong>en\ngeneral contra la exposici\u00f3n\nal humo de tabaco en cualquier \u00e1rea f\u00edsica\ncerrada con acceso al p\u00fablico, lugares interiores de\ntrabajo y veh\u00edculos de transporte p\u00fablico; <\/p>\n\n\n\n<p><strong>II. Proteger al personal laboralmente <\/strong>expuesto al humo de tabaco en los lugares interiores de trabajo; <\/p>\n\n\n\n<p><strong>III.<\/strong> <strong>Reducir la probabilidad de que la poblaci\u00f3n en riesgo se inicie en el tabaquismo<\/strong>; <\/p>\n\n\n\n<p><strong>IV. Promover el desarrollo de acciones tendientes a reducir el consumo de tabaco<\/strong>, y<\/p>\n\n\n\n<p><strong>V. Establecer mecanismos de coordinaci\u00f3n para la participaci\u00f3n y denuncia ciudadana<\/strong>, para la estricta vigilancia de la Ley y este Reglamento.<\/p>\n\n\n\n<p>-La <strong><a href=\"https:\/\/www.gob.mx\/cms\/uploads\/attachment\/file\/167481\/guia_tabaco.pdf\" target=\"_blank\" rel=\"noreferrer noopener\" aria-label=\" (opens in a new tab)\">GU\u00cdA DE CUMPLIMIENTO DE LGCT Y SU REGLAMENTO<\/a><\/strong>, la cual tiene como finalidad dar a conocer la regulaci\u00f3n en materia de tabaco, as\u00ed como brindar los elementos t\u00e9cnicos para que se cumplan de&nbsp; manera&nbsp; eficiente&nbsp; las disposiciones sanitarias en ella&nbsp; establecidas&nbsp; y con&nbsp; ello evitar la aplicaci\u00f3n de sanciones, en el marco de la corresponsabilidad que existe entre el Gobierno Federal y la iniciativa privada para el cumplimiento de la&nbsp; normatividad&nbsp; vigente en&nbsp; materia de control de la exposici\u00f3n&nbsp; al humo de tabaco.<\/p>\n\n\n\n<div class=\"wp-block-image\"><figure class=\"aligncenter\"><a href=\"https:\/\/www.gob.mx\/salud%7Cconadic\" target=\"_blank\" rel=\"noreferrer noopener\"><img loading=\"lazy\" decoding=\"async\" width=\"753\" height=\"437\" src=\"https:\/\/wp.laboratoriosvillarreal.com\/wp-content\/uploads\/2019\/08\/conadic2.jpg\" alt=\"\" class=\"wp-image-635\" srcset=\"https:\/\/wp.laboratoriosvillarreal.com\/wp-content\/uploads\/2019\/08\/conadic2.jpg 753w, https:\/\/wp.laboratoriosvillarreal.com\/wp-content\/uploads\/2019\/08\/conadic2-300x174.jpg 300w\" sizes=\"auto, (max-width: 706px) 89vw, (max-width: 767px) 82vw, 740px\" \/><\/a><\/figure><\/div>\n\n\n\n<figure class=\"wp-block-image\"><a href=\"http:\/\/www.laboratoriosvillarreal.com\/tabaco.pdf\" target=\"_blank\" rel=\"noreferrer noopener\"><img loading=\"lazy\" decoding=\"async\" width=\"831\" height=\"383\" src=\"https:\/\/wp.laboratoriosvillarreal.com\/wp-content\/uploads\/2019\/08\/tabaco7.jpg\" alt=\"\" class=\"wp-image-453\" srcset=\"https:\/\/wp.laboratoriosvillarreal.com\/wp-content\/uploads\/2019\/08\/tabaco7.jpg 831w, https:\/\/wp.laboratoriosvillarreal.com\/wp-content\/uploads\/2019\/08\/tabaco7-300x138.jpg 300w, https:\/\/wp.laboratoriosvillarreal.com\/wp-content\/uploads\/2019\/08\/tabaco7-768x354.jpg 768w\" sizes=\"auto, (max-width: 767px) 89vw, (max-width: 1000px) 54vw, (max-width: 1071px) 543px, 580px\" \/><\/a><\/figure>\n\n\n\n<figure class=\"wp-block-image\"><a href=\"https:\/\/www.gob.mx\/tramites\/ficha\/denuncia-sanitaria-ante-la-cofepris\/COFEPRIS414\" target=\"_blank\" rel=\"noreferrer noopener\"><img loading=\"lazy\" decoding=\"async\" width=\"1003\" height=\"784\" src=\"https:\/\/wp.laboratoriosvillarreal.com\/wp-content\/uploads\/2019\/08\/tabaco5.jpg\" alt=\"\" class=\"wp-image-449\" srcset=\"https:\/\/wp.laboratoriosvillarreal.com\/wp-content\/uploads\/2019\/08\/tabaco5.jpg 1003w, https:\/\/wp.laboratoriosvillarreal.com\/wp-content\/uploads\/2019\/08\/tabaco5-300x234.jpg 300w, https:\/\/wp.laboratoriosvillarreal.com\/wp-content\/uploads\/2019\/08\/tabaco5-768x600.jpg 768w\" sizes=\"auto, (max-width: 767px) 89vw, (max-width: 1000px) 54vw, (max-width: 1071px) 543px, 580px\" \/><\/a><\/figure>\n\n\n\n<p><\/p>\n","protected":false},"excerpt":{"rendered":"<p>La Organizaci\u00f3n Mundial de la Salud (OMS) ha catalogado el tabaquismo como una epidemia global debido al incremento en su consumo y los decesos relacionados a este. Promueve:&nbsp; \u201cTodos los pa\u00edses pueden beneficiarse de la lucha eficaz contra esta epidemia, principalmente protegiendo a sus ciudadanos contra: Los efectos da\u00f1inos del consumo de tabaco y Reduciendo &hellip; <\/p>\n<p class=\"link-more\"><a href=\"https:\/\/wp.laboratoriosvillarreal.com\/index.php\/6-depto-de-gestion-del-cumplimiento-de-la-ley-gral-de-control-de-tabaco\/\" class=\"more-link\">Continuar leyendo<span class=\"screen-reader-text\"> \u00abCumplimiento de LGCT (Tabaco)\u00bb<\/span><\/a><\/p>\n","protected":false},"author":1,"featured_media":0,"parent":0,"menu_order":0,"comment_status":"closed","ping_status":"closed","template":"","meta":{"footnotes":""},"class_list":["post-97","page","type-page","status-publish","hentry"],"_links":{"self":[{"href":"https:\/\/wp.laboratoriosvillarreal.com\/index.php\/wp-json\/wp\/v2\/pages\/97","targetHints":{"allow":["GET"]}}],"collection":[{"href":"https:\/\/wp.laboratoriosvillarreal.com\/index.php\/wp-json\/wp\/v2\/pages"}],"about":[{"href":"https:\/\/wp.laboratoriosvillarreal.com\/index.php\/wp-json\/wp\/v2\/types\/page"}],"author":[{"embeddable":true,"href":"https:\/\/wp.laboratoriosvillarreal.com\/index.php\/wp-json\/wp\/v2\/users\/1"}],"replies":[{"embeddable":true,"href":"https:\/\/wp.laboratoriosvillarreal.com\/index.php\/wp-json\/wp\/v2\/comments?post=97"}],"version-history":[{"count":25,"href":"https:\/\/wp.laboratoriosvillarreal.com\/index.php\/wp-json\/wp\/v2\/pages\/97\/revisions"}],"predecessor-version":[{"id":664,"href":"https:\/\/wp.laboratoriosvillarreal.com\/index.php\/wp-json\/wp\/v2\/pages\/97\/revisions\/664"}],"wp:attachment":[{"href":"https:\/\/wp.laboratoriosvillarreal.com\/index.php\/wp-json\/wp\/v2\/media?parent=97"}],"curies":[{"name":"wp","href":"https:\/\/api.w.org\/{rel}","templated":true}]}}

<p><strong>La
Organización Mundial de la Salud </strong>(OMS) ha catalogado el tabaquismo como una epidemia
global debido al incremento en su consumo y los decesos relacionados a este.
Promueve:&nbsp; “Todos los países pueden
beneficiarse de la lucha eficaz contra esta
epidemia, principalmente protegiendo a sus ciudadanos contra:</p>



<ol class="wp-block-list"><li>Los efectos dañinos del consumo de tabaco y </li><li>Reduciendo su impacto económico en las economías nacionales,  ya que representa un gasto importante para el consumidor”</li></ol>



<p>El peligro de contraer las enfermedades resultantes de la exposición al <strong>humo de tabaco</strong>, es el riesgo a la salud más prevenible. <strong>Sí las tendencias actuales continúan, para el año 2030 el humo de tabaco afectará a&nbsp; más de ocho mi­llones de personas </strong>por año en el mundo, provocando: infartos al miocardio, infartos cerebrales, enfisema pulmonar, bronquitis crónica, cáncer de&nbsp; pulmón, de&nbsp; bronquios&nbsp;
y de tráquea.</p>



<div class="wp-block-image"><figure class="aligncenter is-resized"><img loading="lazy" decoding="async" src="https://wp.laboratoriosvillarreal.com/wp-content/uploads/2019/08/tabaco.jpg" alt="" class="wp-image-429" width="619" height="400" srcset="https://wp.laboratoriosvillarreal.com/wp-content/uploads/2019/08/tabaco.jpg 735w, https://wp.laboratoriosvillarreal.com/wp-content/uploads/2019/08/tabaco-300x194.jpg 300w" sizes="auto, (max-width: 619px) 100vw, 619px" /></figure></div>



<p>“Con frecuencia se considera que la exposición al humo de tabaco es una elección personal, lo cual se contrapone al hecho de que la mayoría de los <strong>no fumadores no desean </strong>ser expuestos cuando adquieren plena conciencia de los efectos que éste&nbsp; provoca&nbsp; en su salud” OMS.</p>



<p>La OMS (Organización Mundial de la Salud) trabaja arduamente desde hace mas de 20 años contra el tabaquismo y la protección a la exposición del humo de tabaco,  por lo que hace campañas cada año sobre el tema y ofrece materiales e información.</p>



<div class="wp-block-image"><figure class="aligncenter is-resized"><a href="https://www.who.int/es/campaigns/world-no-tobacco-day/world-no-tobacco-day-2019" target="_blank" rel="noreferrer noopener"><img loading="lazy" decoding="async" src="https://wp.laboratoriosvillarreal.com/wp-content/uploads/2019/08/oms-campaña2019.jpg" alt="" class="wp-image-634" width="634" height="339" srcset="https://wp.laboratoriosvillarreal.com/wp-content/uploads/2019/08/oms-campaña2019.jpg 828w, https://wp.laboratoriosvillarreal.com/wp-content/uploads/2019/08/oms-campaña2019-300x161.jpg 300w, https://wp.laboratoriosvillarreal.com/wp-content/uploads/2019/08/oms-campaña2019-768x411.jpg 768w" sizes="auto, (max-width: 634px) 100vw, 634px" /></a></figure></div>



<p>Por este motivo la mayoría de los Países cuentan con medidas para ayudar a controlar las enfermedades provocadas por el tabaquismo, y en México contamos con:</p>



<p> &#8211; <strong><a href="http://www.diputados.gob.mx/LeyesBiblio/pdf/LGCT_150618.pdf" target="_blank" rel="noreferrer noopener" aria-label=" (opens in a new tab)">LEY GENERAL DE CONTROL DE TABACO</a></strong>, la cual fue publicada en el Diario Oficial de la Federación el 31 de mayo de 2009, normatividad que tiene el propósito de proteger la salud de la población, pero su ultima reforma fue el&nbsp; <strong>06 de enero 2010</strong>, y tiene como objetivos:</p>



<p><strong>Artículo
5.</strong> La presente Ley tiene las
siguientes finalidades: </p>



<ol class="wp-block-list"><li><strong>Proteger la salud de la población</strong> de los efectos nocivos del tabaco; </li><li><strong>Proteger los derechos de los no fumadores</strong> a vivir y convivir en espacios 100% libres de humo de tabaco; </li><li><strong>Establecer las bases para la protección</strong> contra el humo de tabaco; </li><li><strong>Establecer las bases</strong> para la producción, etiquetado, empaquetado, promoción, publicidad, patrocinio, distribución, venta, consumo y uso de los productos del tabaco; </li><li><strong>Instituir medidas para reducir el consumo de tabaco</strong>, particularmente en los menores; </li><li><strong>Fomentar la promoción</strong>, la educación para la salud, así como la difusión del conocimiento de los riesgos atribuibles al consumo y a la exposición al humo de tabaco.</li></ol>



<p>&#8211; El <strong><a href="http://www.diputados.gob.mx/LeyesBiblio/regley/Reg_LGCT.doc" target="_blank" rel="noreferrer noopener" aria-label=" (opens in a new tab)">REGLAMENTO DE LA LGCT</a></strong>, su ultima reforma publicada DOF 09-10-2012 y entro en vigor el <strong>21 de noviembre 2012</strong>. El cual tiene como objetivo:                                                                         <strong>Artículo 51</strong>.- En materia de protección contra la exposición al humo de tabaco, este Reglamento tiene las siguientes finalidades: </p>



<p><strong>I.</strong>
<strong>Proteger a la
población</strong><strong> </strong>en
general contra la exposición
al humo de tabaco en cualquier área física
cerrada con acceso al público, lugares interiores de
trabajo y vehículos de transporte público; </p>



<p><strong>II. Proteger al personal laboralmente </strong>expuesto al humo de tabaco en los lugares interiores de trabajo; </p>



<p><strong>III.</strong> <strong>Reducir la probabilidad de que la población en riesgo se inicie en el tabaquismo</strong>; </p>



<p><strong>IV. Promover el desarrollo de acciones tendientes a reducir el consumo de tabaco</strong>, y</p>



<p><strong>V. Establecer mecanismos de coordinación para la participación y denuncia ciudadana</strong>, para la estricta vigilancia de la Ley y este Reglamento.</p>



<p>-La <strong><a href="https://www.gob.mx/cms/uploads/attachment/file/167481/guia_tabaco.pdf" target="_blank" rel="noreferrer noopener" aria-label=" (opens in a new tab)">GUÍA DE CUMPLIMIENTO DE LGCT Y SU REGLAMENTO</a></strong>, la cual tiene como finalidad dar a conocer la regulación en materia de tabaco, así como brindar los elementos técnicos para que se cumplan de&nbsp; manera&nbsp; eficiente&nbsp; las disposiciones sanitarias en ella&nbsp; establecidas&nbsp; y con&nbsp; ello evitar la aplicación de sanciones, en el marco de la corresponsabilidad que existe entre el Gobierno Federal y la iniciativa privada para el cumplimiento de la&nbsp; normatividad&nbsp; vigente en&nbsp; materia de control de la exposición&nbsp; al humo de tabaco.</p>



<div class="wp-block-image"><figure class="aligncenter"><a href="https://www.gob.mx/salud%7Cconadic" target="_blank" rel="noreferrer noopener"><img loading="lazy" decoding="async" width="753" height="437" src="https://wp.laboratoriosvillarreal.com/wp-content/uploads/2019/08/conadic2.jpg" alt="" class="wp-image-635" srcset="https://wp.laboratoriosvillarreal.com/wp-content/uploads/2019/08/conadic2.jpg 753w, https://wp.laboratoriosvillarreal.com/wp-content/uploads/2019/08/conadic2-300x174.jpg 300w" sizes="auto, (max-width: 706px) 89vw, (max-width: 767px) 82vw, 740px" /></a></figure></div>



<figure class="wp-block-image"><a href="http://www.laboratoriosvillarreal.com/tabaco.pdf" target="_blank" rel="noreferrer noopener"><img loading="lazy" decoding="async" width="831" height="383" src="https://wp.laboratoriosvillarreal.com/wp-content/uploads/2019/08/tabaco7.jpg" alt="" class="wp-image-453" srcset="https://wp.laboratoriosvillarreal.com/wp-content/uploads/2019/08/tabaco7.jpg 831w, https://wp.laboratoriosvillarreal.com/wp-content/uploads/2019/08/tabaco7-300x138.jpg 300w, https://wp.laboratoriosvillarreal.com/wp-content/uploads/2019/08/tabaco7-768x354.jpg 768w" sizes="auto, (max-width: 767px) 89vw, (max-width: 1000px) 54vw, (max-width: 1071px) 543px, 580px" /></a></figure>



<figure class="wp-block-image"><a href="https://www.gob.mx/tramites/ficha/denuncia-sanitaria-ante-la-cofepris/COFEPRIS414" target="_blank" rel="noreferrer noopener"><img loading="lazy" decoding="async" width="1003" height="784" src="https://wp.laboratoriosvillarreal.com/wp-content/uploads/2019/08/tabaco5.jpg" alt="" class="wp-image-449" srcset="https://wp.laboratoriosvillarreal.com/wp-content/uploads/2019/08/tabaco5.jpg 1003w, https://wp.laboratoriosvillarreal.com/wp-content/uploads/2019/08/tabaco5-300x234.jpg 300w, https://wp.laboratoriosvillarreal.com/wp-content/uploads/2019/08/tabaco5-768x600.jpg 768w" sizes="auto, (max-width: 767px) 89vw, (max-width: 1000px) 54vw, (max-width: 1071px) 543px, 580px" /></a></figure>



<p></p>

<p>La Organización Mundial de la Salud (OMS) ha catalogado el tabaquismo como una epidemia global debido al incremento en su consumo y los decesos relacionados a este. Promueve:&nbsp; “Todos los países pueden beneficiarse de la lucha eficaz contra esta epidemia, principalmente protegiendo a sus ciudadanos contra: Los efectos dañinos del consumo de tabaco y Reduciendo &hellip; </p>
<p class="link-more"><a href="https://wp.laboratoriosvillarreal.com/index.php/6-depto-de-gestion-del-cumplimiento-de-la-ley-gral-de-control-de-tabaco/" class="more-link">Continuar leyendo<span class="screen-reader-text"> «Cumplimiento de LGCT (Tabaco)»</span></a></p>
