{"id":881,"date":"2019-09-16T19:17:07","date_gmt":"2019-09-17T01:17:07","guid":{"rendered":"https:\/\/wp.laboratoriosvillarreal.com\/?page_id=881"},"modified":"2023-07-12T13:41:47","modified_gmt":"2023-07-12T19:41:47","slug":"lv-microbiologo-002","status":"publish","type":"page","link":"https:\/\/wp.laboratoriosvillarreal.com\/index.php\/lv-microbiologo-002\/","title":{"rendered":"LHV &#8211; DPTO. MICROBIOLOG\u00cdA TERESA  &#8211; VERACRUZ"},"content":{"rendered":"\n<p><strong>Responsable del Depto. Microbiolog\u00edas Laboratorio Veracruz<\/strong><\/p>\n\n\n\n<figure class=\"wp-block-image size-full is-resized\"><img loading=\"lazy\" decoding=\"async\" src=\"https:\/\/wp.laboratoriosvillarreal.com\/wp-content\/uploads\/2023\/06\/TERE2.jpg\" alt=\"\" class=\"wp-image-1614\" width=\"313\" height=\"418\" srcset=\"https:\/\/wp.laboratoriosvillarreal.com\/wp-content\/uploads\/2023\/06\/TERE2.jpg 394w, https:\/\/wp.laboratoriosvillarreal.com\/wp-content\/uploads\/2023\/06\/TERE2-225x300.jpg 225w\" sizes=\"auto, (max-width: 313px) 100vw, 313px\" \/><figcaption class=\"wp-element-caption\"><strong><em>TERESA HERNANDEZ CEPEDA<\/em><\/strong><\/figcaption><\/figure>\n\n\n\n<p> Licenciatura en:  <strong>Qu\u00edmica Cl\u00ednica <\/strong>                                                                                                                           Facultad de Bioan\u00e1lisis, Universidad Veracruzana                                                                                             <strong>C\u00e9dula Profesional:  8109455<\/strong><\/p>\n\n\n\n<p>Trabaja en Laboratorios Villarreal desde:  Marzo 2019  (Re-ingreso)                                                  IMSS: 65027811689 <\/p>\n\n\n\n<figure class=\"wp-block-image size-full is-resized\"><img loading=\"lazy\" decoding=\"async\" src=\"https:\/\/wp.laboratoriosvillarreal.com\/wp-content\/uploads\/2023\/07\/TERE-5.jpg\" alt=\"\" class=\"wp-image-1697\" width=\"668\" height=\"520\" srcset=\"https:\/\/wp.laboratoriosvillarreal.com\/wp-content\/uploads\/2023\/07\/TERE-5.jpg 601w, https:\/\/wp.laboratoriosvillarreal.com\/wp-content\/uploads\/2023\/07\/TERE-5-300x234.jpg 300w\" sizes=\"auto, (max-width: 668px) 100vw, 668px\" \/><\/figure>\n\n\n\n<figure class=\"wp-block-image\"><img loading=\"lazy\" decoding=\"async\" width=\"1024\" height=\"763\" src=\"https:\/\/wp.laboratoriosvillarreal.com\/wp-content\/uploads\/2019\/09\/TeresaIsabelHernandezCepeda_Cedula_Anverso-1024x763.jpg\" alt=\"\" class=\"wp-image-826\" srcset=\"https:\/\/wp.laboratoriosvillarreal.com\/wp-content\/uploads\/2019\/09\/TeresaIsabelHernandezCepeda_Cedula_Anverso-1024x763.jpg 1024w, https:\/\/wp.laboratoriosvillarreal.com\/wp-content\/uploads\/2019\/09\/TeresaIsabelHernandezCepeda_Cedula_Anverso-300x224.jpg 300w, https:\/\/wp.laboratoriosvillarreal.com\/wp-content\/uploads\/2019\/09\/TeresaIsabelHernandezCepeda_Cedula_Anverso-768x572.jpg 768w, https:\/\/wp.laboratoriosvillarreal.com\/wp-content\/uploads\/2019\/09\/TeresaIsabelHernandezCepeda_Cedula_Anverso.jpg 1186w\" sizes=\"auto, (max-width: 767px) 89vw, (max-width: 1000px) 54vw, (max-width: 1071px) 543px, 580px\" \/><\/figure>\n","protected":false},"excerpt":{"rendered":"<p>Responsable del Depto. Microbiolog\u00edas Laboratorio Veracruz Licenciatura en: Qu\u00edmica Cl\u00ednica Facultad de Bioan\u00e1lisis, Universidad Veracruzana C\u00e9dula Profesional: 8109455 Trabaja en Laboratorios Villarreal desde: Marzo 2019 (Re-ingreso) IMSS: 65027811689<\/p>\n","protected":false},"author":3,"featured_media":0,"parent":0,"menu_order":0,"comment_status":"closed","ping_status":"closed","template":"","meta":{"footnotes":""},"class_list":["post-881","page","type-page","status-publish","hentry"],"_links":{"self":[{"href":"https:\/\/wp.laboratoriosvillarreal.com\/index.php\/wp-json\/wp\/v2\/pages\/881","targetHints":{"allow":["GET"]}}],"collection":[{"href":"https:\/\/wp.laboratoriosvillarreal.com\/index.php\/wp-json\/wp\/v2\/pages"}],"about":[{"href":"https:\/\/wp.laboratoriosvillarreal.com\/index.php\/wp-json\/wp\/v2\/types\/page"}],"author":[{"embeddable":true,"href":"https:\/\/wp.laboratoriosvillarreal.com\/index.php\/wp-json\/wp\/v2\/users\/3"}],"replies":[{"embeddable":true,"href":"https:\/\/wp.laboratoriosvillarreal.com\/index.php\/wp-json\/wp\/v2\/comments?post=881"}],"version-history":[{"count":19,"href":"https:\/\/wp.laboratoriosvillarreal.com\/index.php\/wp-json\/wp\/v2\/pages\/881\/revisions"}],"predecessor-version":[{"id":1822,"href":"https:\/\/wp.laboratoriosvillarreal.com\/index.php\/wp-json\/wp\/v2\/pages\/881\/revisions\/1822"}],"wp:attachment":[{"href":"https:\/\/wp.laboratoriosvillarreal.com\/index.php\/wp-json\/wp\/v2\/media?parent=881"}],"curies":[{"name":"wp","href":"https:\/\/api.w.org\/{rel}","templated":true}]}}

LHV &#8211; DPTO. MICROBIOLOGÍA TERESA  &#8211; VERACRUZ

<p><strong>Responsable del Depto. Microbiologías Laboratorio Veracruz</strong></p>



<figure class="wp-block-image size-full is-resized"><img loading="lazy" decoding="async" src="https://wp.laboratoriosvillarreal.com/wp-content/uploads/2023/06/TERE2.jpg" alt="" class="wp-image-1614" width="313" height="418" srcset="https://wp.laboratoriosvillarreal.com/wp-content/uploads/2023/06/TERE2.jpg 394w, https://wp.laboratoriosvillarreal.com/wp-content/uploads/2023/06/TERE2-225x300.jpg 225w" sizes="auto, (max-width: 313px) 100vw, 313px" /><figcaption class="wp-element-caption"><strong><em>TERESA HERNANDEZ CEPEDA</em></strong></figcaption></figure>



<p> Licenciatura en:  <strong>Química Clínica </strong>                                                                                                                           Facultad de Bioanálisis, Universidad Veracruzana                                                                                             <strong>Cédula Profesional:  8109455</strong></p>



<p>Trabaja en Laboratorios Villarreal desde:  Marzo 2019  (Re-ingreso)                                                  IMSS: 65027811689 </p>



<figure class="wp-block-image size-full is-resized"><img loading="lazy" decoding="async" src="https://wp.laboratoriosvillarreal.com/wp-content/uploads/2023/07/TERE-5.jpg" alt="" class="wp-image-1697" width="668" height="520" srcset="https://wp.laboratoriosvillarreal.com/wp-content/uploads/2023/07/TERE-5.jpg 601w, https://wp.laboratoriosvillarreal.com/wp-content/uploads/2023/07/TERE-5-300x234.jpg 300w" sizes="auto, (max-width: 668px) 100vw, 668px" /></figure>



<figure class="wp-block-image"><img loading="lazy" decoding="async" width="1024" height="763" src="https://wp.laboratoriosvillarreal.com/wp-content/uploads/2019/09/TeresaIsabelHernandezCepeda_Cedula_Anverso-1024x763.jpg" alt="" class="wp-image-826" srcset="https://wp.laboratoriosvillarreal.com/wp-content/uploads/2019/09/TeresaIsabelHernandezCepeda_Cedula_Anverso-1024x763.jpg 1024w, https://wp.laboratoriosvillarreal.com/wp-content/uploads/2019/09/TeresaIsabelHernandezCepeda_Cedula_Anverso-300x224.jpg 300w, https://wp.laboratoriosvillarreal.com/wp-content/uploads/2019/09/TeresaIsabelHernandezCepeda_Cedula_Anverso-768x572.jpg 768w, https://wp.laboratoriosvillarreal.com/wp-content/uploads/2019/09/TeresaIsabelHernandezCepeda_Cedula_Anverso.jpg 1186w" sizes="auto, (max-width: 767px) 89vw, (max-width: 1000px) 54vw, (max-width: 1071px) 543px, 580px" /></figure>

<p>Responsable del Depto. Microbiologías Laboratorio Veracruz Licenciatura en: Química Clínica Facultad de Bioanálisis, Universidad Veracruzana Cédula Profesional: 8109455 Trabaja en Laboratorios Villarreal desde: Marzo 2019 (Re-ingreso) IMSS: 65027811689</p>
