{"id":73,"date":"2019-07-28T01:46:22","date_gmt":"2019-07-28T01:46:22","guid":{"rendered":"https:\/\/wp.laboratoriosvillarreal.com\/?page_id=73"},"modified":"2022-03-13T16:04:13","modified_gmt":"2022-03-13T22:04:13","slug":"depto-de-analisis-microbiologicos","status":"publish","type":"page","link":"https:\/\/wp.laboratoriosvillarreal.com\/index.php\/depto-de-analisis-microbiologicos\/","title":{"rendered":"An\u00e1lisis Microbiol\u00f3gicos"},"content":{"rendered":"\n<p><strong>\u00bfQu\u00e9 son los An\u00e1lisis Microbiol\u00f3gicos?<\/strong>                                                                                                         \u00a0Son pruebas en donde se investiga la cantidad de microorganismos que pueda contener un alimento. Todos los alimentos tienen una carga microbiana intr\u00ednseca, ya que son materia org\u00e1nica,\u00a0 lo que no es correcto es\u00a0 cuando se rebasa la cantidad permitida establecida (l\u00edmite m\u00e1ximo permisible) y esto ya afecta a la salud del consumidor, por lo que es adecuado llevar una Bit\u00e1cora microbiol\u00f3gica.                                                                                                 Los an\u00e1lisis microbiol\u00f3gicos que realizamos son los b\u00e1sicos y se sigue la metodolog\u00eda que esta descrita en las Normas Oficiales Mexicanas.<\/p>\n\n\n\n<p><strong>\u00bfQu\u00e9 es una Bit\u00e1cora Microbiol\u00f3gica?<\/strong>                                                                                                                            Es un registro documental peri\u00f3dico, en el cual se exhiben alimentos,  agua, hielo, superficies vivas e inertes que han sido muestreados, y se les ha practicado an\u00e1lisis microbiol\u00f3gicos con el fin de conocer su carga microbiana y compararla con las especificaciones sanitarias (l\u00edmites m\u00e1ximos permisibles por la SSA), para as\u00ed conocer el impacto del alimento al ser ingerido por el  consumidor.<\/p>\n\n\n\n<p>En el ESTABLECIMIENTO se realizan Muestreos de:                                                                             <strong>Alimentos, Superficies Vivas, Superficies Inertes, Agua&nbsp; y Hielo<\/strong>,  Bucal-far\u00edngeos y Ambientales para An\u00e1lisis Microbiol\u00f3gicos B\u00e1sicos.<\/p>\n\n\n\n<div class=\"wp-block-image\"><figure class=\"aligncenter is-resized\"><img loading=\"lazy\" decoding=\"async\" src=\"https:\/\/wp.laboratoriosvillarreal.com\/wp-content\/uploads\/2019\/07\/micros2-1.png\" alt=\"\" class=\"wp-image-290\" width=\"524\" height=\"257\" srcset=\"https:\/\/wp.laboratoriosvillarreal.com\/wp-content\/uploads\/2019\/07\/micros2-1.png 742w, https:\/\/wp.laboratoriosvillarreal.com\/wp-content\/uploads\/2019\/07\/micros2-1-300x148.png 300w\" sizes=\"auto, (max-width: 524px) 100vw, 524px\" \/><\/figure><\/div>\n\n\n\n<p>El Resultado de los An\u00e1lisis Microbiol\u00f3gicos presenta una <strong>calificaci\u00f3n CUANTITATIVA<\/strong> y una interpretaci\u00f3n por medio de un <strong>Sem\u00e1foro sanitario<\/strong>, de acuerdo al cumplimiento de las Especificaciones Sanitarias que presenta cada muestra en la norma:&nbsp;         <\/p>\n\n\n\n<p><a href=\"https:\/\/www.gob.mx\/sfp\/documentos\/norma-oficial-mexicana-nom-093-ssa1-1994\" target=\"_blank\" rel=\"noreferrer noopener\" aria-label=\" NOM-093-SSA1-94 (opens in a new tab)\"> <\/a><strong><a href=\"https:\/\/www.gob.mx\/sfp\/documentos\/norma-oficial-mexicana-nom-093-ssa1-1994\" target=\"_blank\" rel=\"noreferrer noopener\" aria-label=\" NOM-093-SSA1-94 (opens in a new tab)\">NOM-093-SSA1-94<\/a> (en su ap\u00e9ndice B).<\/strong><\/p>\n\n\n\n<div class=\"wp-block-image\"><figure class=\"aligncenter is-resized\"><img loading=\"lazy\" decoding=\"async\" src=\"https:\/\/wp.laboratoriosvillarreal.com\/wp-content\/uploads\/2019\/08\/micros10.jpg\" alt=\"\" class=\"wp-image-515\" width=\"653\" height=\"329\" srcset=\"https:\/\/wp.laboratoriosvillarreal.com\/wp-content\/uploads\/2019\/08\/micros10.jpg 929w, https:\/\/wp.laboratoriosvillarreal.com\/wp-content\/uploads\/2019\/08\/micros10-300x151.jpg 300w, https:\/\/wp.laboratoriosvillarreal.com\/wp-content\/uploads\/2019\/08\/micros10-768x388.jpg 768w\" sizes=\"auto, (max-width: 653px) 100vw, 653px\" \/><\/figure><\/div>\n\n\n\n<figure class=\"wp-block-image\"><img loading=\"lazy\" decoding=\"async\" width=\"732\" height=\"564\" src=\"https:\/\/wp.laboratoriosvillarreal.com\/wp-content\/uploads\/2019\/08\/apendice-b-093.jpg\" alt=\"\" class=\"wp-image-628\" srcset=\"https:\/\/wp.laboratoriosvillarreal.com\/wp-content\/uploads\/2019\/08\/apendice-b-093.jpg 732w, https:\/\/wp.laboratoriosvillarreal.com\/wp-content\/uploads\/2019\/08\/apendice-b-093-300x231.jpg 300w\" sizes=\"auto, (max-width: 732px) 100vw, 732px\" \/><\/figure>\n\n\n\n<p>Para que los An\u00e1lisis Microbiol\u00f3gicos tengan Categor\u00eda de \u00ab<strong>Bit\u00e1cora Microbiol\u00f3gica<\/strong>\u00ab, es necesario que se cuente con un numero establecido de muestras y una periodicidad definida: mensual, bimestral \u00f3 hasta trimestral, para que tengan Validez los resultados). <strong>Los resultados microbiol\u00f3gicos se entregan por lo regular 8 d\u00edas despu\u00e9s<\/strong> de su muestreo, con interpretaci\u00f3n para que puedan implementar y\/o mejorar sus procedimientos. <\/p>\n\n\n\n<div class=\"wp-block-image\"><figure class=\"aligncenter is-resized\"><img loading=\"lazy\" decoding=\"async\" src=\"https:\/\/wp.laboratoriosvillarreal.com\/wp-content\/uploads\/2019\/08\/micros.png\" alt=\"\" class=\"wp-image-512\" width=\"332\" height=\"399\" srcset=\"https:\/\/wp.laboratoriosvillarreal.com\/wp-content\/uploads\/2019\/08\/micros.png 386w, https:\/\/wp.laboratoriosvillarreal.com\/wp-content\/uploads\/2019\/08\/micros-249x300.png 249w\" sizes=\"auto, (max-width: 332px) 100vw, 332px\" \/><\/figure><\/div>\n\n\n\n<p><\/p>\n","protected":false},"excerpt":{"rendered":"<p>\u00bfQu\u00e9 son los An\u00e1lisis Microbiol\u00f3gicos? \u00a0Son pruebas en donde se investiga la cantidad de microorganismos que pueda contener un alimento. Todos los alimentos tienen una carga microbiana intr\u00ednseca, ya que son materia org\u00e1nica,\u00a0 lo que no es correcto es\u00a0 cuando se rebasa la cantidad permitida establecida (l\u00edmite m\u00e1ximo permisible) y esto ya afecta a la &hellip; <\/p>\n<p class=\"link-more\"><a href=\"https:\/\/wp.laboratoriosvillarreal.com\/index.php\/depto-de-analisis-microbiologicos\/\" class=\"more-link\">Continuar leyendo<span class=\"screen-reader-text\"> \u00abAn\u00e1lisis Microbiol\u00f3gicos\u00bb<\/span><\/a><\/p>\n","protected":false},"author":1,"featured_media":0,"parent":0,"menu_order":0,"comment_status":"closed","ping_status":"closed","template":"","meta":{"footnotes":""},"class_list":["post-73","page","type-page","status-publish","hentry"],"_links":{"self":[{"href":"https:\/\/wp.laboratoriosvillarreal.com\/index.php\/wp-json\/wp\/v2\/pages\/73","targetHints":{"allow":["GET"]}}],"collection":[{"href":"https:\/\/wp.laboratoriosvillarreal.com\/index.php\/wp-json\/wp\/v2\/pages"}],"about":[{"href":"https:\/\/wp.laboratoriosvillarreal.com\/index.php\/wp-json\/wp\/v2\/types\/page"}],"author":[{"embeddable":true,"href":"https:\/\/wp.laboratoriosvillarreal.com\/index.php\/wp-json\/wp\/v2\/users\/1"}],"replies":[{"embeddable":true,"href":"https:\/\/wp.laboratoriosvillarreal.com\/index.php\/wp-json\/wp\/v2\/comments?post=73"}],"version-history":[{"count":10,"href":"https:\/\/wp.laboratoriosvillarreal.com\/index.php\/wp-json\/wp\/v2\/pages\/73\/revisions"}],"predecessor-version":[{"id":1375,"href":"https:\/\/wp.laboratoriosvillarreal.com\/index.php\/wp-json\/wp\/v2\/pages\/73\/revisions\/1375"}],"wp:attachment":[{"href":"https:\/\/wp.laboratoriosvillarreal.com\/index.php\/wp-json\/wp\/v2\/media?parent=73"}],"curies":[{"name":"wp","href":"https:\/\/api.w.org\/{rel}","templated":true}]}}