{"id":246,"date":"2019-07-28T06:27:37","date_gmt":"2019-07-28T06:27:37","guid":{"rendered":"https:\/\/wp.laboratoriosvillarreal.com\/?page_id=246"},"modified":"2023-06-20T23:30:58","modified_gmt":"2023-06-21T05:30:58","slug":"contacto","status":"publish","type":"page","link":"https:\/\/wp.laboratoriosvillarreal.com\/index.php\/contacto\/","title":{"rendered":"Contacto"},"content":{"rendered":"\n<p><strong>Directora General<\/strong><\/p>\n\n\n<div class=\"wp-block-image is-style-rounded\">\n<figure class=\"aligncenter size-full is-resized\"><img loading=\"lazy\" decoding=\"async\" src=\"https:\/\/wp.laboratoriosvillarreal.com\/wp-content\/uploads\/2022\/03\/MAVO-2.jpg\" alt=\"\" class=\"wp-image-1384\" width=\"290\" height=\"379\" srcset=\"https:\/\/wp.laboratoriosvillarreal.com\/wp-content\/uploads\/2022\/03\/MAVO-2.jpg 292w, https:\/\/wp.laboratoriosvillarreal.com\/wp-content\/uploads\/2022\/03\/MAVO-2-229x300.jpg 229w\" sizes=\"auto, (max-width: 290px) 100vw, 290px\" \/><\/figure><\/div>\n\n\n<p><strong>IBQA. Mar\u00eda Antonieta Villarreal Olano<\/strong><\/p>\n\n\n\n<p><a rel=\"noreferrer noopener\" aria-label=\"enlaces_higiene@hotmail.com (opens in a new tab)\" href=\"mailto:enlaces_higiene@hotmail.com\" target=\"_blank\">enlaces_higiene@hotmail.com<\/a> \u00f3<\/p>\n\n\n\n<p>lab.higiene.director@gmail.com<\/p>\n\n\n\n<p>Si desea m\u00e1s informaci\u00f3n por favor env\u00ede sus datos de contacto y lo que solicite.<\/p>\n\n\n\n<p>Puedes visitarnos en nuestra p\u00e1gina<\/p>\n\n\n\n<p><a rel=\"noreferrer noopener\" aria-label=\"www.laboratoriosvillarreal.com (opens in a new tab)\" href=\"http:\/\/www.laboratoriosvillarreal.com\" target=\"_blank\">wp.laboratoriosvillarreal.com<\/a><\/p>\n\n\n<div class=\"wp-block-image\">\n<figure class=\"aligncenter is-resized\"><img loading=\"lazy\" decoding=\"async\" src=\"https:\/\/wp.laboratoriosvillarreal.com\/wp-content\/uploads\/2019\/09\/QR-LABVILLARREAL-1.png\" alt=\"\" class=\"wp-image-946\" width=\"266\" height=\"266\" srcset=\"https:\/\/wp.laboratoriosvillarreal.com\/wp-content\/uploads\/2019\/09\/QR-LABVILLARREAL-1.png 370w, https:\/\/wp.laboratoriosvillarreal.com\/wp-content\/uploads\/2019\/09\/QR-LABVILLARREAL-1-150x150.png 150w, https:\/\/wp.laboratoriosvillarreal.com\/wp-content\/uploads\/2019\/09\/QR-LABVILLARREAL-1-300x300.png 300w, https:\/\/wp.laboratoriosvillarreal.com\/wp-content\/uploads\/2019\/09\/QR-LABVILLARREAL-1-100x100.png 100w\" sizes=\"auto, (max-width: 266px) 100vw, 266px\" \/><\/figure><\/div>\n\n\n<p><\/p>\n","protected":false},"excerpt":{"rendered":"<p>Directora General IBQA. Mar\u00eda Antonieta Villarreal Olano enlaces_higiene@hotmail.com \u00f3 lab.higiene.director@gmail.com Si desea m\u00e1s informaci\u00f3n por favor env\u00ede sus datos de contacto y lo que solicite. Puedes visitarnos en nuestra p\u00e1gina wp.laboratoriosvillarreal.com<\/p>\n","protected":false},"author":3,"featured_media":0,"parent":0,"menu_order":0,"comment_status":"closed","ping_status":"closed","template":"","meta":{"footnotes":""},"class_list":["post-246","page","type-page","status-publish","hentry"],"_links":{"self":[{"href":"https:\/\/wp.laboratoriosvillarreal.com\/index.php\/wp-json\/wp\/v2\/pages\/246","targetHints":{"allow":["GET"]}}],"collection":[{"href":"https:\/\/wp.laboratoriosvillarreal.com\/index.php\/wp-json\/wp\/v2\/pages"}],"about":[{"href":"https:\/\/wp.laboratoriosvillarreal.com\/index.php\/wp-json\/wp\/v2\/types\/page"}],"author":[{"embeddable":true,"href":"https:\/\/wp.laboratoriosvillarreal.com\/index.php\/wp-json\/wp\/v2\/users\/3"}],"replies":[{"embeddable":true,"href":"https:\/\/wp.laboratoriosvillarreal.com\/index.php\/wp-json\/wp\/v2\/comments?post=246"}],"version-history":[{"count":12,"href":"https:\/\/wp.laboratoriosvillarreal.com\/index.php\/wp-json\/wp\/v2\/pages\/246\/revisions"}],"predecessor-version":[{"id":1594,"href":"https:\/\/wp.laboratoriosvillarreal.com\/index.php\/wp-json\/wp\/v2\/pages\/246\/revisions\/1594"}],"wp:attachment":[{"href":"https:\/\/wp.laboratoriosvillarreal.com\/index.php\/wp-json\/wp\/v2\/media?parent=246"}],"curies":[{"name":"wp","href":"https:\/\/api.w.org\/{rel}","templated":true}]}}