{"id":114,"date":"2019-07-28T02:09:10","date_gmt":"2019-07-28T02:09:10","guid":{"rendered":"https:\/\/wp.laboratoriosvillarreal.com\/?page_id=114"},"modified":"2025-08-29T22:10:43","modified_gmt":"2025-08-30T04:10:43","slug":"distribucion-de-laboratorios","status":"publish","type":"page","link":"https:\/\/wp.laboratoriosvillarreal.com\/index.php\/distribucion-de-laboratorios\/","title":{"rendered":"Distribuci\u00f3n de Laboratorios"},"content":{"rendered":"\n<p><strong>Contacto para Informaci\u00f3n de Servicios y\/o Cotizaciones<\/strong>:<\/p>\n\n\n\n<p><a href=\"mailto:enlaces:higiene@hotmail,com\">enlaces_higiene@hotmail.com<\/a> y <a href=\"mailto:enlaces_calidad@hotmail.com\">enlaces_calidad@hotmail.com<\/a><\/p>\n\n\n\n<p>Tel. 2292020338<\/p>\n\n\n\n<hr class=\"wp-block-separator has-css-opacity is-style-wide\"\/>\n\n\n\n<p><strong>-Laboratorio Veracruz (Matriz) \u00a0<\/strong><\/p>\n\n\n\n<p>V\u00eda Muerta 16-A, fracc. Lomas del Mar, Boca del R\u00edo, Veracruz<\/p>\n\n\n\n<p>Tel: 229-2020338<\/p>\n\n\n\n<p> &nbsp;Correo: <a href=\"mailto:enlaces_higiene_ver@hotmail.com\">enlaces.higiene.ver@gmail.com<\/a><\/p>\n\n\n\n<hr class=\"wp-block-separator has-css-opacity is-style-wide\"\/>\n\n\n\n<p><strong>-Laboratorio M\u00e9xico<\/strong><\/p>\n\n\n\n<p><strong>&nbsp;<\/strong>Tel: 55-52804860<\/p>\n\n\n\n<p>&nbsp;Correo: <a href=\"mailto:enlaces_higiene_ver@hotmail.com\">enlaces.higiene.cdmx@gmail.com<\/a><\/p>\n\n\n\n<hr class=\"wp-block-separator has-css-opacity is-style-wide\"\/>\n\n\n\n<p><strong>-Laboratorio Monterr<\/strong>ey<\/p>\n\n\n\n<p><strong>&nbsp;<\/strong>Tel: 81-81239632<\/p>\n\n\n\n<p>&nbsp;Correo: <a href=\"mailto:enlaces_higiene_mty@hotmail.com\">enlaces.higiene.mty@gmail.com<\/a><\/p>\n\n\n\n<hr class=\"wp-block-separator has-css-opacity is-style-wide\"\/>\n\n\n\n<p>Presencia con Oficinas:<\/p>\n\n\n\n<p>&#8211;<strong>Oficina Xalapa<\/strong><\/p>\n\n\n\n<p>&#8211;<strong>Oficina Guadalajara<\/strong><\/p>\n\n\n\n<p>&#8211;<strong>Oficina M\u00e9rida<\/strong><\/p>\n\n\n\n<hr class=\"wp-block-separator has-css-opacity is-style-wide\"\/>\n\n\n\n<p><strong>Contacto con \u00e1rea de Facturaci\u00f3n y Cobranza<\/strong>:<\/p>\n\n\n\n<p>enlaces_contaduria@hotmail.com<\/p>\n\n\n\n<p>Tel: 229-2027598<\/p>\n","protected":false},"excerpt":{"rendered":"<p>Contacto para Informaci\u00f3n de Servicios y\/o Cotizaciones: enlaces_higiene@hotmail.com y enlaces_calidad@hotmail.com Tel. 2292020338 V\u00eda Muerta 16-A, fracc. Lomas del Mar, Boca del R\u00edo, Veracruz Tel: 229-2020338 &nbsp;Correo: enlaces.higiene.ver@gmail.com -Laboratorio M\u00e9xico &nbsp;Tel: 55-52804860 &nbsp;Correo: enlaces.higiene.cdmx@gmail.com -Laboratorio Monterrey &nbsp;Tel: 81-81239632 &nbsp;Correo: enlaces.higiene.mty@gmail.com Presencia con Oficinas: &#8211;Oficina Xalapa &#8211;Oficina Guadalajara &#8211;Oficina M\u00e9rida Contacto con \u00e1rea de Facturaci\u00f3n y Cobranza: &hellip; <\/p>\n<p class=\"link-more\"><a href=\"https:\/\/wp.laboratoriosvillarreal.com\/index.php\/distribucion-de-laboratorios\/\" class=\"more-link\">Continuar leyendo<span class=\"screen-reader-text\"> \u00abDistribuci\u00f3n de Laboratorios\u00bb<\/span><\/a><\/p>\n","protected":false},"author":1,"featured_media":0,"parent":0,"menu_order":0,"comment_status":"closed","ping_status":"closed","template":"","meta":{"footnotes":""},"class_list":["post-114","page","type-page","status-publish","hentry"],"_links":{"self":[{"href":"https:\/\/wp.laboratoriosvillarreal.com\/index.php\/wp-json\/wp\/v2\/pages\/114","targetHints":{"allow":["GET"]}}],"collection":[{"href":"https:\/\/wp.laboratoriosvillarreal.com\/index.php\/wp-json\/wp\/v2\/pages"}],"about":[{"href":"https:\/\/wp.laboratoriosvillarreal.com\/index.php\/wp-json\/wp\/v2\/types\/page"}],"author":[{"embeddable":true,"href":"https:\/\/wp.laboratoriosvillarreal.com\/index.php\/wp-json\/wp\/v2\/users\/1"}],"replies":[{"embeddable":true,"href":"https:\/\/wp.laboratoriosvillarreal.com\/index.php\/wp-json\/wp\/v2\/comments?post=114"}],"version-history":[{"count":62,"href":"https:\/\/wp.laboratoriosvillarreal.com\/index.php\/wp-json\/wp\/v2\/pages\/114\/revisions"}],"predecessor-version":[{"id":1843,"href":"https:\/\/wp.laboratoriosvillarreal.com\/index.php\/wp-json\/wp\/v2\/pages\/114\/revisions\/1843"}],"wp:attachment":[{"href":"https:\/\/wp.laboratoriosvillarreal.com\/index.php\/wp-json\/wp\/v2\/media?parent=114"}],"curies":[{"name":"wp","href":"https:\/\/api.w.org\/{rel}","templated":true}]}}